 factor of 29 and v.
29
Let m be ((-39)/9)/((-1)/3). What is the highest common factor of m and 117?
13
Let s = 120 - 39. What is the greatest common factor of s and 9?
9
Let h(q) be the first derivative of -5/3*q**3 - 1/2*q**2 + 2 - 2*q - 1/4*q**4. Let w be h(-6). Calculate the highest common divisor of w and 8.
8
Suppose -4*o = -2*o - 4. Suppose -3*c = 4*k - 122, o = k - 3*k. What is the highest common divisor of 63 and c?
21
Let u be ((-744)/3)/((20/(-4))/5). What is the greatest common divisor of 31 and u?
31
Let v(k) = k - k**3 - 6*k - 8*k**2 - k. Suppose -4*g = -8*g - 32. Let c be v(g). Calculate the greatest common divisor of 6 and c.
6
Let z be 224/(-22) - (-2)/11. Let w be (-3)/6*z - 0. Suppose -5*q - 3*t = 0, 0 = -w*q + 3*t - 5 + 35. Calculate the greatest common divisor of 24 and q.
3
Let g be (5 + -56)*2/(-6). Let i(c) = 6*c**3 - 2*c**2 - 4*c + 4. Let q be i(3). Calculate the greatest common factor of q and g.
17
Suppose -4*o + 6 = -2*o + 2*y, o + 4*y = 9. Suppose -8 = -5*c - 3. What is the greatest common divisor of c and o?
1
Suppose -4*w + 2*z + 9 = -11, -5*z - 10 = -2*w. Suppose 4*m + 2*q - 3*q - 23 = 0, 0 = w*m - 5*q - 25. Calculate the highest common divisor of m and 18.
6
Let f = -49 + 85. What is the greatest common divisor of f and 18?
18
Suppose -6*o + 4*o + 330 = 0. Suppose 2*w - 110 = -3*j, -4*w + w - 3*j + o = 0. What is the greatest common factor of w and 5?
5
Suppose 61 = 2*c - 4*v - 7, 5*c = 2*v + 202. Let u(w) = -w**3 + w + 37. Let l be u(0). Suppose -l = -3*i + 5. What is the greatest common factor of i and c?
14
Let u(b) = 56*b**2 - 2*b + 1. Let d be u(1). Suppose 3*c - 22 = c. Calculate the greatest common factor of c and d.
11
Let g(l) = -l + 5. Let d be g(0). Let m(z) = -z**2 - 12*z + 18. Let n be m(-13). What is the greatest common factor of n and d?
5
Suppose o - 3 = -2*a + 9, 10 = -5*o. Let x(v) = 3*v**2 - 3*v - 6. Let s be x(a). What is the greatest common factor of 12 and s?
12
Let d be (-28*(-2)/(-2))/(8/(-28)). Calculate the greatest common divisor of d and 245.
49
Let w be (-2)/(-4)*(-1 + -1). Let g be (-54)/(-4) - w/(-2). Let d = 201 + -84. What is the highest common factor of d and g?
13
Suppose -2*f - 138 = -7*f - 3*g, -3*f - g + 86 = 0. Let b(y) = -3*y**2 - 3*y - 2 + 4 + 4*y**2. Let a be b(6). What is the highest common divisor of a and f?
10
Suppose 3*w - 5*r = 37, -3 + 18 = -3*r. Suppose -33 = -w*d - 5. Suppose 0 = 4*q, -b + 49 = -q + 2*q. Calculate the highest common factor of d and b.
7
Suppose v + 5*s + 240 = 4*v, -2*v = -5*s - 160. Suppose -2*n = n + 6. Let i be n + 1/(3/102). What is the greatest common factor of v and i?
16
Let l be -30*((-21)/(-15) - 1). Let m be -24*(2 - (-39)/l). Calculate the highest common factor of 12 and m.
6
Suppose 2*h + 258 = 6*h - 2*x, -x - 261 = -4*h. Calculate the greatest common factor of 33 and h.
33
Suppose -7*h = -3*j - 6*h + 11, -h + 21 = 5*j. Calculate the greatest common factor of 8 and j.
4
Suppose 4*o + 2 = 5*o. Suppose 7*p = o*p + 20. Suppose 4*a + 65 = d + p*d, 2*a = -4*d + 52. What is the highest common factor of d and 26?
13
Suppose 4*r + 30 = r. Suppose 4*l - 5*l = 4. Let w = l - r. Calculate the greatest common factor of w and 9.
3
Suppose -2*r + 12 = r. Suppose 4*w - 4*d - 8 - 4 = 0, -w + r*d = -3. Let t(y) = y**2 + y + 3. Let f be t(-6). What is the greatest common factor of w and f?
3
Let s(x) = -8*x + 1. Let r be s(-4). Let n = -30 + 41. Calculate the highest common factor of r and n.
11
Let a(w) = w - 3. Let o be a(3). Suppose 4*h + 16 - 36 = o. Suppose -1 - 29 = -h*n. Calculate the highest common factor of 24 and n.
6
Let i = -75 - 98. Let d = 25 - i. Calculate the greatest common factor of d and 18.
18
Suppose -23 = -3*m + 4. Calculate the highest common factor of 81 and m.
9
Let q = -6 - -8. Suppose 3*p - 4*m = 46, 0 = -q*p - 4*m - 28 + 72. Calculate the greatest common factor of p and 6.
6
Let h = 1 - -1. Suppose i - 15 = -5*c, 0*c - 104 = -4*i + h*c. Let d(b) = -b**2 - 6*b + 5. Let v be d(-5). Calculate the greatest common factor of i and v.
5
Suppose 39*q = 38*q + 6. Suppose -8 = -h + 40. Calculate the highest common divisor of q and h.
6
Let w be (-9)/(-18) - 25/(-2). What is the highest common factor of w and 13?
13
Let h be 1351/5 - (-10)/(-50). Calculate the greatest common divisor of h and 27.
27
Suppose 0 = g - 2*g - 16. Let k = 38 + g. Calculate the greatest common factor of k and 55.
11
Let y = 99 - -253. Calculate the greatest common divisor of y and 32.
32
Suppose k = 2*n + 3*k - 16, 3*k - 6 = 0. Calculate the greatest common factor of 12 and n.
6
Let l(v) = -4*v**3 + 2*v**2 + 2*v + 3. Let g be l(-5). Suppose d - 138 = -0*d + 2*h, -5*h - g = -4*d. Calculate the highest common divisor of 12 and d.
12
Suppose -5*g = k - 22, 3*k - 30 = -5*g - 4. What is the greatest common factor of k and 2?
2
Let p = 78 - 27. Calculate the highest common divisor of 153 and p.
51
Let j = -1 + 1. Let z = 1 - 1. Suppose s - 4*i + 3*i - 1 = z, j = 3*s - 4*i + 1. What is the highest common factor of s and 5?
5
Suppose 3 = -n - 0*n. Let y = 9 - n. Let q = 8 - -10. What is the highest common divisor of y and q?
6
Suppose 19 = j + 4*j - 4*c, 15 = 4*j - 3*c. Suppose -23 - 16 = -j*o. What is the highest common factor of 39 and o?
13
Let j = 440 - 224. Calculate the highest common factor of j and 24.
24
Let f be 11 - ((-3 - -1) + -1). Suppose -v + 0 = -5. Suppose 5*k - 216 = -2*d, -v*k + 8*d + 195 = 3*d. Calculate the greatest common factor of k and f.
14
Suppose 5*a = 2*q + 850, 4*q - 149 - 21 = -a. Calculate the greatest common divisor of a and 17.
17
Suppose 2*r - 11 = p, -r - p = -7 - 3. What is the greatest common divisor of 7 and r?
7
Let h be -1 + -3*5/(-3). Let k be ((-6)/(-3) - 4)*-2. Calculate the greatest common factor of k and h.
4
Suppose 3*m = 2*w + 76, -m + 0*w + 2*w = -28. Let z(d) = -d**3 - 7*d**2 + 12*d + 6. Let x be z(-9). Calculate the greatest common factor of m and x.
12
Let c(u) = -7*u**3 + 2*u**2 + 4*u - 1. Let p be c(3). Let a = p + 256. Calculate the greatest common divisor of a and 12.
12
Let r be ((-16)/(-14))/((-7)/(-196)). Calculate the greatest common divisor of 288 and r.
32
Suppose y = -y + 10. Suppose -2*w = 5*b - y*w - 139, w - 49 = -2*b. Suppose -2*k = -0*k - 26. What is the highest common divisor of b and k?
13
Let g be 2 + 6/((-3)/(-1)). Let f(o) = -7*o**3. Let i be f(1). Let s = i - -23. What is the highest common divisor of s and g?
4
Let u(c) = c**2 + 8*c - 7. Let a be u(-10). Let v(l) = l**2 + l + 91. Let d be v(0). Calculate the greatest common divisor of d and a.
13
Suppose 2*i = -22 + 82. Let j = 3 + i. Suppose -3*s + 8 = 2, 2*g - 12 = 5*s. What is the greatest common divisor of g and j?
11
Let i = 20 - 12. Suppose 2*d + 0*d = 64. Calculate the greatest common factor of d and i.
8
Let d = 23 - -76. Let k = -29 + d. What is the highest common divisor of 28 and k?
14
Let d be 20*2/(3 + -1). Let w = -3 + 39. Let p be 2/(-8) + 153/w. Calculate the greatest common factor of p and d.
4
Suppose -7*f = j - 5*f - 31, f = -2*j + 47. Calculate the greatest common factor of j and 35.
7
Let h(i) = i**2 + 3*i - 5. Let v be h(-4). Let s be -12*(106/8 + v). Let a = s - -217. Calculate the greatest common divisor of 14 and a.
14
Suppose 3*o - 12 = -o. Suppose -o*u = -2*u. Suppose -5*m + 10*m + d - 31 = u, -10 = -m - 4*d. What is the highest common divisor of m and 54?
6
Let f = 105 + -2. Let h = f - 59. Let k = -28 - -39. Calculate the highest common divisor of k and h.
11
Let z = 286 - 202. Suppose -j + 1 + 11 = 0. What is the highest common divisor of z and j?
12
Let z be -68 + (-1 - 0/3). Let o = z - -111. What is the highest common divisor of o and 6?
6
Suppose -t - 3*t + 19 = -f, -5 = t + 3*f. Suppose 0 = -0*x - 5*x - t*c + 82, -4*c + 10 = x. What is the greatest common factor of x and 9?
9
Let g be (-2)/(-6) + 1/(-3). Let o = 1 - g. Calculate the highest common divisor of o and 9.
1
Let s = 9 + -5. Suppose -5*n + 0*a + 5 = -3*a, 0 = -s*a + 20. Suppose 12 = 3*z, -g + z + 12 = -4*z. Calculate the greatest common divisor of n and g.
4
Let v(w) = w**3 - 7*w**2 + 5*w - 7. Let c(t) = -t**3 - 12*t**2 + 7. Let q be c(-12). Let s be v(q). Calculate the highest common divisor of 42 and s.
14
Let w(z) be the third derivative of